*3 + 12*d**2 + 7*d - 3. Let y(u) = -o(u) + 6*q(u). Determine y(j).
3
Let j(c) be the third derivative of c**5/60 - c**4/3 - 3*c**3/2 + c**2. Suppose -21*y - 46 = -361. Suppose 0 = -18*t - y*t + 297. What is j(t)?
0
Let i(f) = -2*f**2 - 3*f + 4. Suppose -11*r + 15*r = 8. Suppose -3*o + 4*o = r. Determine i(o).
-10
Let i = 31451 + -31454. Let d(m) = -m**2 - 1. Let s(w) = -6*w**2 - w - 10 - 3*w + 1. Let b(f) = -5*d(f) + s(f). Give b(i).
-1
Let x be 8 + (5 - -1087)/6. Let s(y) = 4 - 3 - 198*y + 385*y - x*y - 5. Determine s(-7).
17
Let w(r) = r**3 - 18*r**2 + 16*r + 14. Let o be (-21)/105*-105 - 4. Determine w(o).
-3
Suppose -12*h + 25443 = -10557. Let y be 4/14 - h/(-280). Let j(l) = -l**2 + 9*l + 14. Determine j(y).
-8
Let y(i) = -10025 + 6*i + 10022 + 2*i. Let g(t) be the third derivative of -t**5/60 + t**4/8 + t**3/2 + 3*t**2. Let h be g(3). Calculate y(h).
21
Let u(v) = 13*v - 2. Let r(n) = -10*n - 2. Let s(k) = 13*k + 3. Let b(q) = -7*r(q) - 5*s(q). Let l(x) = -8*b(x) + 3*u(x). Let p be (0 + 2/4)*6. What is l(p)?
-1
Suppose 0*t + 2*t = -16. Let d = -1248 - -1251. Let i(l) = -8 - 2 + 24*l**2 + 6*l + 0*l**d - 13*l**2 - l**3 - 18*l**2. Calculate i(t).
6
Let u(h) = h**2 + 3*h - 26. Let j be u(-10). Let y = 45 - j. Let o(b) = -4 - y + 2*b + 3*b - b + 2*b**2. Calculate o(-4).
11
Let c(g) = 7*g**3 + 8*g**2 - 15. Let d(q) = 8*q**3 + 8*q**2 - q - 17. Let y(o) = -7*c(o) + 6*d(o). Suppose -24 = 4*t - z, -4*t - 43 = t + 2*z. Calculate y(t).
-4
Suppose 4*x - 162 = q, 2*q + x + 471 = 111. Let d = -179 - q. Let c(v) = 3*v. Give c(d).
-3
Let x be 2/4 + 38/4. Let d(j) be the second derivative of -j**3/6 + 352*j. What is d(x)?
-10
Let j be (19 + 89/(-5))*(2 - 4/12). Let h(f) be the first derivative of -f**2 - 2*f - 1. Determine h(j).
-6
Let q(a) = 82. Let l(g) = -2*g + 160. Let n(u) = 4*l(u) - 7*q(u). Determine n(7).
10
Let c = -10598 - -10604. Let m(u) = -u**3 + 6*u**2 - 2*u + 7. Calculate m(c).
-5
Let a = 33314 + -33303. Let u(c) = 10*c**2 - 108*c - 33. What is u(a)?
-11
Let q(w) = -6*w**3 - 7*w + 6. Let f(g) = -7*g**3 - g**2 - 7*g + 6. Let o(n) = 5*f(n) - 6*q(n). What is o(4)?
6
Suppose -3*l + 0*l - d = -14, 4*d = -4*l + 32. Suppose -78 = -10*t - l*t. Let q(u) = u**2 - 9*u + 9. Give q(t).
-9
Let s(w) = 110 - 227 + 18*w + 8*w - w**2 + 116 - 31*w. Suppose 2*h + 2*h - 52 = 0. Suppose -6 = -2*o - 4*x, -2*x - x = 5*o + h. What is s(o)?
-1
Suppose 24*k = -2*p + 19*k - 15, 5*k = -4*p - 5. Let v(y) be the second derivative of -3*y**2 - p*y - y**3 + 0 - 1/12*y**4. Determine v(-5).
-1
Let m(w) be the third derivative of w**4/12 - 53*w**3/6 + w**2 + 37*w + 7. Determine m(23).
-7
Suppose 0 = -3*w + 1038 - 1029, -4*s - w = 5. Let y(l) = -3*l + 2*l + 0*l. What is y(s)?
2
Let u(b) = -b**2 + 20*b - 41. Let m be (-2)/(-3) - (32 - (-3944)/(-87)). Calculate u(m).
43
Let i(l) be the second derivative of -l**4/12 + l**3 - 2*l**2 - 4*l. Let d(m) = -m**2 + 17*m - 26. Let a be d(15). Determine i(a).
4
Let l = -8883 + 8886. Let h(r) = r**3 - 2*r**3 + 1 + 2. Give h(l).
-24
Let q(s) = 5*s**2 - 48*s - 16. Suppose 454*j + 4072 = -366*j + 12272. What is q(j)?
4
Let t = -6231 + 6239. Let r(p) = p**3 - 7*p**2 - 8*p - 9. Give r(t).
-9
Suppose -y - 8 = -1. Let l(r) = 17*r + 1069. Let s(x) = -20*x - 1249. Let m(j) = -7*l(j) - 6*s(j). Determine m(y).
4
Let x(b) be the second derivative of b**6/720 - 7*b**5/40 + 125*b**4/12 - 46*b. Let p(s) be the third derivative of x(s). What is p(10)?
-11
Suppose c + 35 = 5*i, -4*c - 35 - 9 = -4*i. Let z(v) = 16*v - v**3 + 8*v**2 - 4*v + i - 13*v. Let u(m) = -m**3 - 9*m**2 - 8*m + 8. Let l be u(-8). Give z(l).
-2
Let t(r) = -36*r**3 - 16*r**2 - 15*r - 10. Let s(x) = 101*x**3 + 47*x**2 + 44*x + 29. Let q(m) = 5*s(m) + 14*t(m). Calculate q(-10).
5
Let v(x) = 48*x - 140*x**2 - 93*x + 4*x**2 + 47*x. What is v(-1)?
-138
Let i be (-19 + 13 - ((-33)/6 + 4))*-4. Let a(b) = 4*b - 72. What is a(i)?
0
Suppose 77*n + 2382 = 583*n - 1160. Let c(r) be the first derivative of 7*r**2/2 - 3*r - 2. What is c(n)?
46
Suppose -2*x + 3*k - 9 = 0, 0 = 4*x + 2*k + k + 27. Let j be 4*7/(-28)*x. Let h(c) = c**3 - 5*c**2 - 5*c - 3. Determine h(j).
3
Let g(w) be the third derivative of w**5/60 + 5*w**4/24 - 2*w**3/3 - w**2. Suppose 161 = 2*u + 3*y, -6*u + 58 = -5*u - 3*y. Let d = u + -78. Determine g(d).
-4
Let c(j) = -j**2 - 19*j - 88. Let x = -3161 - -3147. What is c(x)?
-18
Suppose 0 = 15*c - 127 - 83. Let f(y) = -8 + 3*y + 7*y + y + 5*y**3 - 18*y**3 + c*y**3 + 10*y**2. Calculate f(-8).
32
Let u(s) = -3*s**2 + 88*s - 11. Let b(z) = -2*z**2 + 63*z - 7. Let i(o) = -7*b(o) + 5*u(o). Let q = -16 + 16. Give i(q).
-6
Let f(y) = -3*y**2 + 3*y - 61. Let w(v) = 2*v**2 - 8*v + 47. Let k(r) = 3*f(r) + 4*w(r). Determine k(-21).
47
Let j(q) = -11*q**2 - 36*q + 19. Let f(o) = 9*o**2 + 30*o - 18. Let b(g) = -5*f(g) - 4*j(g). Determine b(-7).
7
Let i(a) = -1459 + a**3 + 1473 + 5*a**2 + a + 15*a**2. Calculate i(-20).
-6
Let c(r) = -r + 9. Let g be c(7). Let m(y) = -g - y + 3 + 0. Suppose -3*l - 10 = 2*s - 6*l, -s - 6 = -2*l. Give m(s).
3
Suppose 17*q - 30 = 4. Suppose -j = 5*a + 6, -2*a + 0*a + q*j = 12. Let b(r) = -3*r**2 + 2. What is b(a)?
-10
Let m(f) = -128*f - 71. Let g(r) = 59*r + 35. Let z(s) = -13*g(s) - 6*m(s). Determine z(27).
-2
Let z(s) = 525*s + 1061. Let b be z(-2). Let j(h) = -h**3 + 10*h**2 + 5*h + 30. What is j(b)?
-36
Let j(u) = u**2 - 7*u - 1. Let v = 150 - -22. Let l = -167 + v. What is j(l)?
-11
Let f(h) = h. Let a be (-6)/4*(143/(-33) + 3). Suppose 4 = z + 3*o, 7*z - 3*z - 26 = -a*o. Determine f(z).
7
Let c(u) = 2*u - 52. Let z be c(29). Let v(n) = -n**2 - 3. Determine v(z).
-39
Let o(s) = -s**3 + 2*s**2 + 11. Let q(c) = 3*c**3 + c**2 - 15. Let u(h) = -2*o(h) - q(h). Give u(-5).
-7
Let x(z) be the first derivative of -z**3/3 - 13*z**2/2 + 13*z - 1. Let c(a) = -a**3 + 181*a**2 - 8082*a + 146. Let r be c(80). Calculate x(r).
-1
Suppose 0 = -4*p + 5*p - 2. Let h(q) = 1 + 6 - p*q - 2. Let s = 3477 - 3473. Calculate h(s).
-3
Let f(g) = g - 5. Let k be 2/((-6)/(-15) - 6/40). Let o(t) = 5*t - 10. Let b be o(k). Suppose 3*p - 2*w = w + b, -4*p + 36 = -3*w. Give f(p).
1
Let p(t) = 3*t**3 + 81*t**2 + 34*t + 60. Let v(q) = -4*q**3 - 85*q**2 - 35*q - 61. Let n(u) = -6*p(u) - 5*v(u). What is n(31)?
7
Let b(v) = -3*v + 0*v + 4*v. Let a = 158285 - 158295. What is b(a)?
-10
Let j(v) = 10*v**2 - v - 2. Let w = 5401 - 5403. Calculate j(w).
40
Let n(d) = -23*d**2 + 88*d**2 - 63*d**2 - 5 + 0. Determine n(3).
13
Let u(c) be the third derivative of -c**6/120 + c**5/30 - c**4/6 - 4*c**3/3 - 212*c**2 + 14. What is u(0)?
-8
Let w(d) = -d. Let h(y) = 7*y + 1. Suppose 3*v + 5 = 2. Let l(j) = v*h(j) - 6*w(j). Suppose -205*q + 1215 = -448*q. Determine l(q).
4
Let d(w) be the second derivative of -w**4/12 - 5*w**3/3 + 8*w**2 + 820*w. Determine d(-9).
25
Let v(j) = -8*j + 5. Let d be 2*3*55/30. Suppose -16*x + d*x = -25. Let b(y) = 12*y - 8. Let m(w) = x*b(w) + 8*v(w). Calculate m(1).
-4
Let k(z) = -1529*z**3 - 2 - 7*z + 3063*z**3 + 7*z**2 + 5*z - 10*z - 1532*z**3. Determine k(-6).
-110
Suppose -52 - 329 - 224 = 55*d. Let i(t) = -t**3 - 12*t**2 - 8*t + 29. Determine i(d).
-4
Let y(p) = 70*p + 3. Let j = 13910 + -13910. Calculate y(j).
3
Let x = 2 + 0. Suppose -x*i + 3*u = 3*i - 67, 4*i = 5*u + 64. Let k(d) = i*d**2 + 2*d**3 - 3*d**3 + 2*d**3 - 12*d**2. Calculate k(0).
0
Suppose -2*b + 24 = 20. Let h(i) = 47*i**2 - 4*i - 94*i**b - 8 + 1 + 46*i**2. What is h(-6)?
-19
Let z(j) = -j**2 - 6*j + 2. Suppose 0 = -2*y + 2*p - 326, 0 = 12*p - 7*p - 10. Let r = y - -156. Give z(r).
7
Let k(q) be the second derivative of 7/2*q**3 + 13*q + 0 + 0*q**5 + 0*q**2 + 0*q**4 + 1/40*q**6. Let y(u) be the second derivative of k(u). Give y(1).
9
Let f(r) = r**3 + 11*r**2 + 12*r + 28. Let v be f(-11). Let b = -114 - v. Let z(q) = q**2 + 9*q - 11. Calculate z(b).
-1
Let b(n) = -n**2 - 6*n + 2. Let g be 8 + 6/2 + 1. Let m be (-2)/g + (35/(-42) - 2). Determine b(m).
11
Let n(u) = 73*u**2 + u - 5. Let g(m) = -12*m**2 + 3*m - 2. Let i(f) = 10*f**2 - 4*f + 3. Let h(c) = -4*g(c) - 3*i(c). Let z(o) = 9*h(o) - 2*n(o). Give z(1).
15
Let d(h) be the first derivative of -1/360*h**6 - 2*h**3 - 1/20*h**5 + 0*h - 1/4*h**4 + 0*h**2 + 10. Let z(b) be the third derivative of d(b). What is z(-4)?
2
Let s(j) = -30*j**2 - 17*j - 19. Let y(h) = -1